
3
Let c(g) = -g**2 + 6*g - 6. Let u(o) = o**3 + 15*o**2 + 4. Let l be u(-15). Give c(l).
2
Let l(v) = 16352*v - 16346*v - 3*v**3 - 5*v**2 - 6 + 4*v**3. Determine l(4).
2
Let a(c) = 1. Let w(g) = -g**3 + 7*g**2 - g + 12. Let n(h) = 2*a(h) - w(h). Determine n(7).
-3
Suppose -4*g + 5*o - 1 = 0, 0 = -4*o + 6*o - 10. Let t(k) = -6 + g - 4 - 8*k + k. Give t(-4).
24
Let x(f) = -f**2 + 7*f + 2. Let l = 35 - 33. Let u be ((-24)/14)/(l*(-1)/7). Give x(u).
8
Suppose 2*s - 1 - 3 = 0. Let x(m) = m**3 - 3*m + 3. Let o be x(s). Let k(f) = f**3 - 4*f**2 - 3*f - 6. Give k(o).
4
Suppose 298*t - 44 = 309*t. Let l(h) = -9*h**2 - 12*h - 3. Let k(w) = -5*w**2 - 6*w - 1. Let y(a) = -5*k(a) + 3*l(a). Determine y(t).
-12
Let p(b) = -4*b - 5*b - 3 + 8*b. Suppose -3*h + 30 = 2*h. Suppose -h*k = -2*k. Give p(k).
-3
Suppose -2*d + q = -30, 0 = -3*q + 4*q. Suppose -x - d = 2*x, -5*y = 3*x - 5. Let o(r) = -r**3 + 4*r**2 - r + 3. Calculate o(y).
-1
Let w(i) = -2*i - 33. Let q(m) = m + 16. Let j(s) = 7*q(s) + 4*w(s). Determine j(0).
-20
Let c(o) = -8133 + 8129 + 5*o**2 + 10*o - 3*o**2. Determine c(-6).
8
Let o(g) = 3*g**3 - 2*g**2 + 40*g + 40. Let a(v) = v**3 - v**2 + 14*v + 14. Let q(l) = 11*a(l) - 4*o(l). Give q(-4).
34
Let d(g) = -3*g**2 - 2 + 2*g**2 + 38*g - 41*g. Suppose 5*z = 25, -3*z + 12 = 3*i - 6. Let u = i - 3. Give d(u).
0
Let g(v) = -3*v**2 - 10*v - 3. Let p(s) = s**2 - s + 1. Let y(b) = -g(b) - 2*p(b). Let f be y(-10). Let r = f - -23. Let h(i) = -i**2 + 8*i + 3. Determine h(r).
19
Let l(n) be the first derivative of n**3/3 + 2*n**2 - n - 2. Let m = -1058 - -1054. Determine l(m).
-1
Let v(x) = -x**2 + 6*x - 1. Let a(r) = 0*r - 4*r - 23*r**2 + 5 + 22*r**2. Let o be a(0). Give v(o).
4
Let z be -5 + 2 + (27 - 19). Let r(k) = k**2 + 4. Let v(n) = n**2 + n + 5. Let x(u) = 6*r(u) - 5*v(u). Determine x(z).
-1
Suppose -20*g + 272 = -54*g. Let p(f) = f**2 + 5*f - 4. What is p(g)?
20
Let s = 10 - 6. Let r(i) = 2*i + s - 2*i + i + 11. Give r(-7).
8
Let h be (-1)/7 - ((-1089)/77 + 12). Let c(k) be the first derivative of -8 - 1/4*k**4 + 3*k - 4/3*k**3 + h*k**2. Give c(-5).
8
Let w be (11 + (-59)/5)*-30. Let v(z) = -2*z + 56. Determine v(w).
8
Let w = -22 + 14. Let i(o) be the second derivative of -2/3*o**4 + 20*o - 1/2*o**2 + 0 - 1/20*o**5 + 0*o**3. What is i(w)?
-1
Let a be (-25)/200 + 100/32. Let t(u) be the second derivative of 0 + 0*u**4 - 1/20*u**5 + 13*u - 3/2*u**2 + 1/2*u**a. Give t(2).
-5
Let n(q) = 3*q**2 + 28*q - 17. Let v be n(-10). Let c(i) = 2*i**2 - 3*i - 4. Let y(l) = -8*l**2 + 12*l + 17. Let a(x) = 9*c(x) + 2*y(x). Give a(v).
7
Let f(w) = -12 + 24 - 10 - 4*w**2. Let b(s) = 5*s**2 - 1. Suppose -r + 5 - 2 = 0. Let z(u) = r*b(u) + 4*f(u). Give z(0).
5
Let f(m) = -2*m**2 + 4*m - 3. Let d be (-2)/14 + 377/91. Calculate f(d).
-19
Let z = -80 - -84. Suppose 0 = 5*s - z + 29. Let w(r) = r**2 + 4*r + 5. Give w(s).
10
Let f(q) be the third derivative of 5*q**4/24 - 16*q**2. Calculate f(-2).
-10
Let g(n) be the third derivative of n**5/60 + 15*n**3/2 + 200*n**2. Determine g(0).
45
Let t be (-159)/24 - 2*24/128. Let a(i) = -2*i + 2. Calculate a(t).
16
Let l(t) = -t**2 + 4*t + t**2 - t**2. Suppose -9*u + 27 + 0 = 0. Give l(u).
3
Suppose -110 = 22*o + 88. Let a(s) = s + 13. Determine a(o).
4
Suppose 0*y - y = 2*j + 5, -y = 4*j + 7. Let m(r) = -3*r - 4. Let b(o) = 4*o + 4. Let s(w) = 2*b(w) + 3*m(w). What is s(y)?
-1
Let h = 5 - -2. Let k(s) = -s**3 - 10 - 3*s + 15 - 4*s**2 - h. Give k(-3).
-2
Suppose -2 + 1 = -5*x + q, -3*q = 3. Let l(h) be the third derivative of -1/24*h**4 + 5*h**2 + 0 + x*h + 2/3*h**3. Determine l(0).
4
Suppose -231 + 471 = -20*d. Let q(i) = i**2 + 11*i - 12. Calculate q(d).
0
Let s(i) = -8*i**3 - 2*i**2 + 1. Let h = 0 + 2. Suppose 3*q + 21 = 42. Suppose -h*u + q*u = -5. What is s(u)?
7
Let g(q) be the first derivative of 1/6*q**3 - 1/6*q**4 - q - 4 - 1/20*q**5 + 1/2*q**2. Let t(m) be the first derivative of g(m). Give t(-2).
-1
Let q(f) = -19*f**3 + f**2 + 2*f - 2. Suppose 2 - 17 = -15*r. Determine q(r).
-18
Let y(g) = 76*g - 5*g**3 - 2*g**2 - 77*g - 6*g**3. Suppose -2*j = 3*s - 1, 8*j = -3*s + 3*j + 7. Give y(s).
10
Let g(m) = 2*m - 5. Let t = 26 + -28. Let z be (-4 - 0)/(1 + t). Suppose -r + 0*o - 3*o = -17, 0 = -4*r + z*o + 4. Give g(r).
5
Let c(f) = -f + 2. Let t(g) be the third derivative of -g**5/60 - 5*g**4/12 - 2*g**3 + 2*g**2. Let l be t(-7). Let r(w) = w - 14. Let x be r(l). Determine c(x).
7
Let o(y) be the third derivative of -y**7/2520 - y**6/144 + 13*y**4/24 + 11*y**2. Let r(m) be the second derivative of o(m). Give r(-6).
-6
Suppose -p - 47 + 34 = -2*q, 5*q - 40 = 5*p. Let n(f) be the third derivative of -1/24*f**4 - 7/120*f**6 + 0*f + 0 + 0*f**q + 1/6*f**3 - 5*f**2. Give n(1).
-7
Let i(h) = -3 - 151*h + 293*h - 145*h + 0. What is i(4)?
-15
Let w(y) = -y**3 + 5*y**2 - 5*y - 3. Let n be (4*-1)/(-4) - -12. Let z = n + -21. Let v = 12 + z. Determine w(v).
-7
Suppose 22 = l + 4*v, -7*v - 5 = -5*l - 6*v. Let t(y) = y**3 + y**2 - 3*y + 1. What is t(l)?
7
Let n(h) = h**2 + 2*h. Suppose -5*c + 5*j + 50 = 0, 3*c - 4*j = 2*c + 7. Suppose -g - 3*u + 0 = -c, 0 = -5*g + 2*u - 30. Determine n(g).
8
Let n(d) = -d**3 + 2. Let q be -4 + (-4 - -1)/1 + 7. Determine n(q).
2
Let l(o) = o. Suppose y = 2*y + 4. Calculate l(y).
-4
Let k(y) = 7*y**2 - 14. Let p(z) = 11*z**2 + z - 21. Let f(n) = 8*k(n) - 5*p(n). Let t = 54 - 29. Suppose h - 1 = 2*w - 8, 0 = -2*w - 5*h + t. Determine f(w).
-7
Let a(t) = 9*t**3 - t**2 - t + 1. Suppose -4*c + 4 = -4. Suppose c*r = -2*r + 4, 3*v - 5*r = -26. Let k = v + 8. What is a(k)?
8
Let z(g) = -5 + g - 347*g**2 + 333*g**2 - 4 + g**3. Calculate z(14).
5
Let z(k) = k**3 - 6*k**2 + 3*k - 5. Suppose 0*i = -n - i - 7, 2*i + 34 = -4*n. Let m be 12/(-30) - 64/n. What is z(m)?
13
Let n(k) = 1 + 3*k - k + 5*k**2 + 4*k. Let c(y) = y**2. Let z = 692 + -688. Let x(w) = z*c(w) - n(w). What is x(-4)?
7
Let o(k) = -k + 7. Let i(v) = 4*v - 13. Let d be i(4). Suppose d*c + 3*m + 51 = 7*c, 5*m - 20 = -5*c. Calculate o(c).
-2
Let y(k) = 7*k + 2. Suppose 0*b = 7*b - 182. Suppose -25*r + 3 = -b*r. Determine y(r).
-19
Let r(g) = g - 32. Suppose 107*q - 108*q + 2*s = 10, 0 = -4*q + s - 5. Calculate r(q).
-32
Let o(b) = 3*b**2 + b - 4. Let i(m) = 4*m**2 + m - 5. Suppose u - 1 = -3. Let x(v) = u*i(v) + 3*o(v). Determine x(0).
-2
Let s(w) = 3*w - 9. Let r(f) = -f + 3. Let l(b) = 14*r(b) + 4*s(b). Let h be (-10)/(-2 - 0) + 0/(-84). What is l(h)?
-4
Let f(i) be the first derivative of i**3/3 + 9*i**2/2 - 8*i - 216. What is f(-9)?
-8
Suppose 6*n = 16*n + 20. Let w(v) = -4*v**3 + 3*v + 1. What is w(n)?
27
Let j(i) = -16 + i**3 - i**2 - i - 12 - 13 + 38. Let d be j(0). Let w(r) = 3*r + 4. Calculate w(d).
-5
Suppose -4*j + 0*j = 0. Suppose j*h - 12 = 4*h. Let y(g) = g**3 + 5*g**2 + g - 3. Determine y(h).
12
Let c(w) be the second derivative of -2/3*w**3 - 1/12*w**5 - 1/120*w**6 - 7*w - 1/6*w**4 + 3*w**2 + 0. Let y(x) be the first derivative of c(x). Give y(-4).
-4
Suppose m - 17 - 5 = -3*x, 3*m = -2*x + 31. Let n(u) be the second derivative of u**5/20 - u**4/2 - 4*u**3/3 + 2*u**2 - 2*u. Calculate n(m).
-3
Let x be 1/(-2) + (-2)/4. Let y(g) = -2*g**2 - 12*g + 7. Let l be y(-6). Let n(k) = -1 - 8 - l*k**2 + 10. Give n(x).
-6
Let h(b) = -2 - b**3 + 12*b + 10*b**2 + 0*b**3 + 0 - 5. Let i be h(11). Suppose 5*l - l = -i*y - 4, -3*l + 4*y + 25 = 0. Let x(z) = 2*z**2 - 3*z - 4. Give x(l).
5
Suppose 4*z - 50 = 114. Let n = 36 - z. Let w(s) be the third derivative of s**4/24 + 5*s**3/6 + 7*s**2. What is w(n)?
0
Let m be ((-15)/3 + 14)*5/15. Let p(b) = b**2 + b + 3. Determine p(m).
15
Let h(a) = 24 + 16 - 61 + a**3 + 3*a**2 + 24. Determine h(-3).
3
Let s(f) = 3*f**3 + 4*f**2 + 4*f + 4. Let a(v) = v**2 + 2*v + 1. Let r(o) = -a(o) + s(o). Determine r(-2).
-13
Let a = -45 + 77. Suppose 0 = 5*n + a - 12. Let t(w) = 2*w**2 + 4*w - 4. What is t(n)?
12
Let m(j) = -100*j + 108. Let b(u) = -9*u + 10. Let a(y) = -32*b(y) + 3*m(y). Calculate a(1).
-8
Let r(d) be the third derivative of 7*d**6/120 - d**5/60 - d**4/12 - d**3/6 + 108*d**2. What is r(-1)?
-7
Let v(k) = -k**2 + k + 6. Suppose m - 2*z - 12 = 2*z, 4*m - 4*z = 36. Suppose -4*b = y + m, -2*y + 2*b + 4 = -y. Determine v(y).
6
Let g(s) = 0*s + 478*s**2 - 477*s**2 + 0*s - 5 - 2. Determine g(5).
18
Let x(w) = 15*w**3 - w